{"id":117,"date":"2020-06-20T10:11:51","date_gmt":"2020-06-20T13:11:51","guid":{"rendered":"http:\/\/saraivahonorio.adv.br\/?page_id=117"},"modified":"2020-06-20T10:28:46","modified_gmt":"2020-06-20T13:28:46","slug":"consultoria-juridica","status":"publish","type":"page","link":"https:\/\/saraivahonorio.adv.br\/?page_id=117","title":{"rendered":"Consultoria Jur\u00eddica"},"content":{"rendered":"\n<p>A consultoria jur\u00eddica representa um servi\u00e7o que&nbsp;<strong>tem como objetivo aconselhar o cliente em rela\u00e7\u00e3o \u00e0s pr\u00e1ticas que podem ser aplicadas<\/strong>&nbsp;para identificar e resolver problemas ou melhorar as opera\u00e7\u00f5es do neg\u00f3cio.<\/p>\n","protected":false},"excerpt":{"rendered":"<p>A consultoria jur\u00eddica representa um servi\u00e7o que&nbsp;tem como objetivo aconselhar o cliente em rela\u00e7\u00e3o \u00e0s pr\u00e1ticas que podem ser aplicadas&nbsp;para identificar e resolver problemas ou melhorar as opera\u00e7\u00f5es do neg\u00f3cio.<\/p>\n","protected":false},"author":1,"featured_media":124,"parent":0,"menu_order":0,"comment_status":"closed","ping_status":"closed","template":"","meta":{"_monsterinsights_skip_tracking":false,"_monsterinsights_sitenote_active":false,"_monsterinsights_sitenote_note":"","_monsterinsights_sitenote_category":0,"footnotes":""},"class_list":["post-117","page","type-page","status-publish","has-post-thumbnail","hentry"],"aioseo_notices":[],"amp_enabled":true,"_links":{"self":[{"href":"https:\/\/saraivahonorio.adv.br\/index.php?rest_route=\/wp\/v2\/pages\/117","targetHints":{"allow":["GET"]}}],"collection":[{"href":"https:\/\/saraivahonorio.adv.br\/index.php?rest_route=\/wp\/v2\/pages"}],"about":[{"href":"https:\/\/saraivahonorio.adv.br\/index.php?rest_route=\/wp\/v2\/types\/page"}],"author":[{"embeddable":true,"href":"https:\/\/saraivahonorio.adv.br\/index.php?rest_route=\/wp\/v2\/users\/1"}],"replies":[{"embeddable":true,"href":"https:\/\/saraivahonorio.adv.br\/index.php?rest_route=%2Fwp%2Fv2%2Fcomments&post=117"}],"version-history":[{"count":0,"href":"https:\/\/saraivahonorio.adv.br\/index.php?rest_route=\/wp\/v2\/pages\/117\/revisions"}],"wp:featuredmedia":[{"embeddable":true,"href":"https:\/\/saraivahonorio.adv.br\/index.php?rest_route=\/wp\/v2\/media\/124"}],"wp:attachment":[{"href":"https:\/\/saraivahonorio.adv.br\/index.php?rest_route=%2Fwp%2Fv2%2Fmedia&parent=117"}],"curies":[{"name":"wp","href":"https:\/\/api.w.org\/{rel}","templated":true}]}}